{"id":3663,"date":"2026-08-15T22:14:47","date_gmt":"2026-08-15T20:14:47","guid":{"rendered":"https:\/\/evang.si\/?post_type=mec-events&#038;p=3663"},"modified":"2026-08-20T11:38:00","modified_gmt":"2026-08-20T09:38:00","slug":"kuzmicevi-dnevi-za-mlade-in-veroukarje","status":"publish","type":"mec-events","link":"https:\/\/evang.si\/de\/events\/kuzmicevi-dnevi-za-mlade-in-veroukarje\/","title":{"rendered":"K\u00fczmi\u010devi dnevi za mlade in veroukarje"},"content":{"rendered":"<p>V sklopu K\u00fczmi\u010devih dni bodo posamezne aktivnosti posebej namenjene mladim in veroukarjem:<\/p>\n<p><strong>PRVI POHOD \u0160TEVANA K\u00dcZMI\u010cA <\/strong>v soboto, 5. septembra<strong>.<\/strong> Pohod bo na relaciji Puconci\u2013Moravske Toplice v izvedbi Razvojnega zavoda Ob\u010dine Puconci in Evangeli\u010danske cerkvene ob\u010dine Puconci. Zbrali se bomo v Puconcih pred cerkvijo ob 9. uri. S seboj vzemite kak\u0161en nahrbtnik z vodo.<\/p>\n<p><a href=\"https:\/\/evang.si\/wp-content\/uploads\/2026\/08\/Prijavnica-pohod.pdf\">Prijavnica &#8211; pohod<\/a><\/p>\n<p><strong>DAN OTROK IN MLADIH<\/strong> v soboto, 12. septembra. Zbrali se bomo v Puconcih pred cerkvijo ob 9. uri, za vas pa bodo pripravljene razli\u010dne delavnice in dru\u017eenja. Delavnice bodo trajale predvidoma do 15. ure.<\/p>\n<p><strong>MLADINSKA BO\u017dJA SLU\u017dBA<\/strong> v nedeljo, 13. septembra ob 10. uri v Evangeli\u010danski cerkvi v Puconcih na temo <em>Mladi in reformacija danes,<\/em> ki jo bo v neposrednem prenosu prena\u0161ala tudi TV Slovenija.<br \/>\nSodelovala bo mladina Evangeli\u010danske cerkve AV, kantor \u017dan Pentek, glasbena skupina Puconci in ostali. Po Bo\u017eji slu\u017ebi pa bo \u017densko dru\u0161tvo Evangeli\u010danka pripravilo pala\u010dinke in dru\u017eenje za vse.<\/p>\n<p><a href=\"https:\/\/evang.si\/wp-content\/uploads\/2026\/08\/Slika1.jpg\"><img loading=\"lazy\" src=\"https:\/\/evang.si\/wp-content\/uploads\/2026\/08\/Slika1.jpg\" alt=\"\" width=\"554\" height=\"142\" class=\"alignleft wp-image-3664 size-full\" srcset=\"https:\/\/evang.si\/wp-content\/uploads\/2026\/08\/Slika1.jpg 554w, https:\/\/evang.si\/wp-content\/uploads\/2026\/08\/Slika1-300x77.jpg 300w, https:\/\/evang.si\/wp-content\/uploads\/2026\/08\/Slika1-18x5.jpg 18w\" sizes=\"(max-width: 554px) 100vw, 554px\" \/><\/a><\/p>\n<p>&nbsp;<\/p>","protected":false},"excerpt":{"rendered":"<p>V sklopu K\u00fczmi\u010devih dni bodo posamezne aktivnosti posebej namenjene mladim in veroukarjem: PRVI POHOD \u0160TEVANA K\u00dcZMI\u010cA v soboto, 5. septembra. Pohod bo na relaciji Puconci\u2013Moravske Toplice v izvedbi Razvojnega zavoda Ob\u010dine Puconci in Evangeli\u010danske cerkvene ob\u010dine Puconci. Zbrali se bomo v Puconcih pred cerkvijo ob 9. uri. S seboj vzemite kak\u0161en nahrbtnik z vodo. Prijavnica<\/p>","protected":false},"author":5,"featured_media":0,"comment_status":"open","ping_status":"closed","template":"","tags":[],"mec_category":[],"_links":{"self":[{"href":"https:\/\/evang.si\/de\/wp-json\/wp\/v2\/mec-events\/3663"}],"collection":[{"href":"https:\/\/evang.si\/de\/wp-json\/wp\/v2\/mec-events"}],"about":[{"href":"https:\/\/evang.si\/de\/wp-json\/wp\/v2\/types\/mec-events"}],"author":[{"embeddable":true,"href":"https:\/\/evang.si\/de\/wp-json\/wp\/v2\/users\/5"}],"replies":[{"embeddable":true,"href":"https:\/\/evang.si\/de\/wp-json\/wp\/v2\/comments?post=3663"}],"wp:attachment":[{"href":"https:\/\/evang.si\/de\/wp-json\/wp\/v2\/media?parent=3663"}],"wp:term":[{"taxonomy":"post_tag","embeddable":true,"href":"https:\/\/evang.si\/de\/wp-json\/wp\/v2\/tags?post=3663"},{"taxonomy":"mec_category","embeddable":true,"href":"https:\/\/evang.si\/de\/wp-json\/wp\/v2\/mec_category?post=3663"}],"curies":[{"name":"wp","href":"https:\/\/api.w.org\/{rel}","templated":true}]}}

Küzmičevi dnevi za mlade in veroukarje

<p>V sklopu Küzmičevih dni bodo posamezne aktivnosti posebej namenjene mladim in veroukarjem:</p>
<p><strong>PRVI POHOD ŠTEVANA KÜZMIČA </strong>v soboto, 5. septembra<strong>.</strong> Pohod bo na relaciji Puconci–Moravske Toplice v izvedbi Razvojnega zavoda Občine Puconci in Evangeličanske cerkvene občine Puconci. Zbrali se bomo v Puconcih pred cerkvijo ob 9. uri. S seboj vzemite kakšen nahrbtnik z vodo.</p>
<p><a href="https://evang.si/wp-content/uploads/2026/08/Prijavnica-pohod.pdf">Prijavnica &#8211; pohod</a></p>
<p><strong>DAN OTROK IN MLADIH</strong> v soboto, 12. septembra. Zbrali se bomo v Puconcih pred cerkvijo ob 9. uri, za vas pa bodo pripravljene različne delavnice in druženja. Delavnice bodo trajale predvidoma do 15. ure.</p>
<p><strong>MLADINSKA BOŽJA SLUŽBA</strong> v nedeljo, 13. septembra ob 10. uri v Evangeličanski cerkvi v Puconcih na temo <em>Mladi in reformacija danes,</em> ki jo bo v neposrednem prenosu prenašala tudi TV Slovenija.<br />
Sodelovala bo mladina Evangeličanske cerkve AV, kantor Žan Pentek, glasbena skupina Puconci in ostali. Po Božji službi pa bo Žensko društvo Evangeličanka pripravilo palačinke in druženje za vse.</p>
<p><a href="https://evang.si/wp-content/uploads/2026/08/Slika1.jpg"><img loading="lazy" src="https://evang.si/wp-content/uploads/2026/08/Slika1.jpg" alt="" width="554" height="142" class="alignleft wp-image-3664 size-full" srcset="https://evang.si/wp-content/uploads/2026/08/Slika1.jpg 554w, https://evang.si/wp-content/uploads/2026/08/Slika1-300x77.jpg 300w, https://evang.si/wp-content/uploads/2026/08/Slika1-18x5.jpg 18w" sizes="(max-width: 554px) 100vw, 554px" /></a></p>
<p>&nbsp;</p>

<p>V sklopu Küzmičevih dni bodo posamezne aktivnosti posebej namenjene mladim in veroukarjem: PRVI POHOD ŠTEVANA KÜZMIČA v soboto, 5. septembra. Pohod bo na relaciji Puconci–Moravske Toplice v izvedbi Razvojnega zavoda Občine Puconci in Evangeličanske cerkvene občine Puconci. Zbrali se bomo v Puconcih pred cerkvijo ob 9. uri. S seboj vzemite kakšen nahrbtnik z vodo. Prijavnica</p>
