{"id":3347,"date":"2026-01-07T17:18:13","date_gmt":"2026-01-07T16:18:13","guid":{"rendered":"https:\/\/evang.si\/?post_type=mec-events&#038;p=3347"},"modified":"2026-01-07T17:18:13","modified_gmt":"2026-01-07T16:18:13","slug":"umestitev-skofa-dr-aleksandra-ernise-za-duhovnika-v-eco-ljubljana","status":"publish","type":"mec-events","link":"https:\/\/evang.si\/de\/events\/umestitev-skofa-dr-aleksandra-ernise-za-duhovnika-v-eco-ljubljana\/","title":{"rendered":"Umestitev \u0161kofa dr. Aleksandra Erni\u0161e za duhovnika v ECO Ljubljana"},"content":{"rendered":"<p>Sehr geehrte Damen und Herren.<\/p>\n<p>na 3. nedeljo po Treh kraljih, <strong>25. januarja 2026<\/strong>, bo ob <strong>15.00<\/strong> v Evangeli\u010danski cerkvi Primo\u017ea Trubarja Ljubljana sve\u010dano bogoslu\u017eje z umestitvijo \u0161kofa Evangeli\u010danske cerkve AV v Republiki Sloveniji dr. Aleksandra Erni\u0161e za duhovnika Evangeli\u010danske cerkvene ob\u010dine Ljubljana.<\/p>\n<p><em>&#8220;Potemtakem niste ve\u010d tujci in priseljenci, temve\u010d sodr\u017eavljani svetih in doma\u010dini pri Bogu.\u00a0<\/em><span><em>Sezidani ste na temelju apostolov in prerokov. Vogalni kamen pa je sam Kristus Jezus.&#8221;<\/em> (Pismo Efe\u017eanom 2, 19-20)<\/span><\/p>\n<p>Lepo vabljeni, da skupaj obhajamo to slovesnost.<\/p>","protected":false},"excerpt":{"rendered":"<p>Spo\u0161tovani. na 3. nedeljo po Treh kraljih, 25. januarja 2026, bo ob 15.00 v Evangeli\u010danski cerkvi Primo\u017ea Trubarja Ljubljana sve\u010dano bogoslu\u017eje z umestitvijo \u0161kofa Evangeli\u010danske cerkve AV v Republiki Sloveniji dr. Aleksandra Erni\u0161e za duhovnika Evangeli\u010danske cerkvene ob\u010dine Ljubljana. &#8220;Potemtakem niste ve\u010d tujci in priseljenci, temve\u010d sodr\u017eavljani svetih in doma\u010dini pri Bogu.\u00a0Sezidani ste na temelju<\/p>","protected":false},"author":5,"featured_media":3348,"comment_status":"open","ping_status":"closed","template":"","tags":[],"mec_category":[],"_links":{"self":[{"href":"https:\/\/evang.si\/de\/wp-json\/wp\/v2\/mec-events\/3347"}],"collection":[{"href":"https:\/\/evang.si\/de\/wp-json\/wp\/v2\/mec-events"}],"about":[{"href":"https:\/\/evang.si\/de\/wp-json\/wp\/v2\/types\/mec-events"}],"author":[{"embeddable":true,"href":"https:\/\/evang.si\/de\/wp-json\/wp\/v2\/users\/5"}],"replies":[{"embeddable":true,"href":"https:\/\/evang.si\/de\/wp-json\/wp\/v2\/comments?post=3347"}],"wp:featuredmedia":[{"embeddable":true,"href":"https:\/\/evang.si\/de\/wp-json\/wp\/v2\/media\/3348"}],"wp:attachment":[{"href":"https:\/\/evang.si\/de\/wp-json\/wp\/v2\/media?parent=3347"}],"wp:term":[{"taxonomy":"post_tag","embeddable":true,"href":"https:\/\/evang.si\/de\/wp-json\/wp\/v2\/tags?post=3347"},{"taxonomy":"mec_category","embeddable":true,"href":"https:\/\/evang.si\/de\/wp-json\/wp\/v2\/mec_category?post=3347"}],"curies":[{"name":"wp","href":"https:\/\/api.w.org\/{rel}","templated":true}]}}

Umestitev škofa dr. Aleksandra Erniše za duhovnika v ECO Ljubljana

<p>Sehr geehrte Damen und Herren.</p>
<p>na 3. nedeljo po Treh kraljih, <strong>25. januarja 2026</strong>, bo ob <strong>15.00</strong> v Evangeličanski cerkvi Primoža Trubarja Ljubljana svečano bogoslužje z umestitvijo škofa Evangeličanske cerkve AV v Republiki Sloveniji dr. Aleksandra Erniše za duhovnika Evangeličanske cerkvene občine Ljubljana.</p>
<p><em>&#8220;Potemtakem niste več tujci in priseljenci, temveč sodržavljani svetih in domačini pri Bogu. </em><span><em>Sezidani ste na temelju apostolov in prerokov. Vogalni kamen pa je sam Kristus Jezus.&#8221;</em> (Pismo Efežanom 2, 19-20)</span></p>
<p>Lepo vabljeni, da skupaj obhajamo to slovesnost.</p>

<p>Spoštovani. na 3. nedeljo po Treh kraljih, 25. januarja 2026, bo ob 15.00 v Evangeličanski cerkvi Primoža Trubarja Ljubljana svečano bogoslužje z umestitvijo škofa Evangeličanske cerkve AV v Republiki Sloveniji dr. Aleksandra Erniše za duhovnika Evangeličanske cerkvene občine Ljubljana. &#8220;Potemtakem niste več tujci in priseljenci, temveč sodržavljani svetih in domačini pri Bogu. Sezidani ste na temelju</p>
