{"id":3343,"date":"2026-01-05T17:22:28","date_gmt":"2026-01-05T16:22:28","guid":{"rendered":"https:\/\/evang.si\/?post_type=mec-events&#038;p=3343"},"modified":"2026-01-05T17:22:28","modified_gmt":"2026-01-05T16:22:28","slug":"novinarska-konferenca-evangelicanski-koledar-za-leto-2026","status":"publish","type":"mec-events","link":"https:\/\/evang.si\/de\/events\/novinarska-konferenca-evangelicanski-koledar-za-leto-2026\/","title":{"rendered":"Novinarska konferenca &#8211; Evangeli\u010danski koledar za leto 2026"},"content":{"rendered":"<p>V sredo, 7. januarja 2026, bo ob 9.00 predstavitev Evangeli\u010danskega koledarja za leto 2026, letne publikacije Evangeli\u010danske cerkve AV v Republiki Sloveniji.<br \/>\nPredstavitev bo v Evangeli\u010danskem centru Murska Sobota.<\/p>\n<p>Vabljeni.<\/p>","protected":false},"excerpt":{"rendered":"<p>V sredo, 7. januarja 2026, bo ob 9.00 predstavitev Evangeli\u010danskega koledarja za leto 2026, letne publikacije Evangeli\u010danske cerkve AV v Republiki Sloveniji. Predstavitev bo v Evangeli\u010danskem centru Murska Sobota. Vabljeni.<\/p>","protected":false},"author":5,"featured_media":3313,"comment_status":"open","ping_status":"closed","template":"","tags":[],"mec_category":[],"_links":{"self":[{"href":"https:\/\/evang.si\/de\/wp-json\/wp\/v2\/mec-events\/3343"}],"collection":[{"href":"https:\/\/evang.si\/de\/wp-json\/wp\/v2\/mec-events"}],"about":[{"href":"https:\/\/evang.si\/de\/wp-json\/wp\/v2\/types\/mec-events"}],"author":[{"embeddable":true,"href":"https:\/\/evang.si\/de\/wp-json\/wp\/v2\/users\/5"}],"replies":[{"embeddable":true,"href":"https:\/\/evang.si\/de\/wp-json\/wp\/v2\/comments?post=3343"}],"wp:featuredmedia":[{"embeddable":true,"href":"https:\/\/evang.si\/de\/wp-json\/wp\/v2\/media\/3313"}],"wp:attachment":[{"href":"https:\/\/evang.si\/de\/wp-json\/wp\/v2\/media?parent=3343"}],"wp:term":[{"taxonomy":"post_tag","embeddable":true,"href":"https:\/\/evang.si\/de\/wp-json\/wp\/v2\/tags?post=3343"},{"taxonomy":"mec_category","embeddable":true,"href":"https:\/\/evang.si\/de\/wp-json\/wp\/v2\/mec_category?post=3343"}],"curies":[{"name":"wp","href":"https:\/\/api.w.org\/{rel}","templated":true}]}}

Novinarska konferenca &#8211; Evangeličanski koledar za leto 2026

<p>V sredo, 7. januarja 2026, bo ob 9.00 predstavitev Evangeličanskega koledarja za leto 2026, letne publikacije Evangeličanske cerkve AV v Republiki Sloveniji.<br />
Predstavitev bo v Evangeličanskem centru Murska Sobota.</p>
<p>Vabljeni.</p>

<p>V sredo, 7. januarja 2026, bo ob 9.00 predstavitev Evangeličanskega koledarja za leto 2026, letne publikacije Evangeličanske cerkve AV v Republiki Sloveniji. Predstavitev bo v Evangeličanskem centru Murska Sobota. Vabljeni.</p>
