{"id":2805,"date":"2024-08-16T13:49:23","date_gmt":"2024-08-16T11:49:23","guid":{"rendered":"https:\/\/evang.si\/?post_type=mec-events&#038;p=2805"},"modified":"2024-08-16T13:53:33","modified_gmt":"2024-08-16T11:53:33","slug":"kuzmicevi-dnevi-v-puconcih","status":"publish","type":"mec-events","link":"https:\/\/evang.si\/de\/events\/kuzmicevi-dnevi-v-puconcih\/","title":{"rendered":"K\u00fczmi\u010devi dnevi v Puconcih, 17. do 25. avgust 2024"},"content":{"rendered":"<p style=\"text-align: center;\">Evangeli\u010danska cerkvena ob\u010dina Puconci, Ob\u010dina Puconci in Slovensko protestantsko dru\u0161tvo Primo\u017e Trubar<\/p>\n<p style=\"text-align: center;\">vljudno vabijo na<\/p>\n<p style=\"text-align: center;\"><strong>K\u00dcZMI\u010cEVE DNEVE<\/strong><strong>,<\/strong><\/p>\n<p style=\"text-align: center;\"><strong>\u00a0<\/strong>ki bodo potekali <strong>od sobote, 17. avgusta, do nedelje, 25. avgusta 2024.<\/strong><\/p>\n<p style=\"text-align: center;\">PROGRAM:<\/p>\n<p style=\"text-align: center;\"><strong>Sobota, 17. avgust, ob 19.00 v Spominskem domu \u0160tevana K\u00fczmi\u010da<\/strong> &#8211; otvoritev razstave zbranih knjig in listin v prekmurskem in slovenskem jeziku.<\/p>\n<p style=\"text-align: center;\"><strong>Sreda, 21. avgust, ob 9.00 pred cerkvijo v Puconcih<\/strong> &#8211; dogodek za otroke in mladino Gradimo skupnost.<\/p>\n<p style=\"text-align: center;\"><strong>Petek, 23. avgust, ob 19.00 v Evangeli\u010danski cerkvi v Puconcih<\/strong> &#8211; koncert Trio Arete (Ma\u0161a Kuhar, flavta; Sara Miti\u0107, violina in Sara K\u00f6ve\u0161, klavir).<\/p>\n<p style=\"text-align: center;\"><strong>Nedelja, 25. avgust, ob 10.00 v Evangeli\u010danski cerkvi v Puconcih<\/strong> &#8211; sve\u010dana Bo\u017eja slu\u017eba, kjer bo sodelovala dr. Klaudija Sedar in \u017densko dru\u0161tvo Evangeli\u010danka.<\/p>\n<p style=\"text-align: center;\">Po Bo\u017eji slu\u017ebi bo sledilo dru\u017eenje v parku za vse prisotne.<\/p>\n<p style=\"text-align: center;\"><strong>PRIJAZNO VABLJENI K DOGODKOM!<\/strong><\/p>\n<p style=\"text-align: center;\"><em>\u00bbZidal in sezidal sem Ti veli\u010dastno hi\u0161o, kraj, kjer bo\u0161 prebival na veke.\u00ab<\/em><\/p>\n<p style=\"text-align: center;\">(1. Knjiga kraljev 8, 13)<\/p>\n<p style=\"text-align: center;\">","protected":false},"excerpt":{"rendered":"<p>Evangeli\u010danska cerkvena ob\u010dina Puconci, Ob\u010dina Puconci in Slovensko protestantsko dru\u0161tvo Primo\u017e Trubar vljudno vabijo na K\u00dcZMI\u010cEVE DNEVE, \u00a0ki bodo potekali od sobote, 17. avgusta, do nedelje, 25. avgusta 2024. PROGRAM: Sobota, 17. avgust, ob 19.00 v Spominskem domu \u0160tevana K\u00fczmi\u010da &#8211; otvoritev razstave zbranih knjig in listin v prekmurskem in slovenskem jeziku. Sreda, 21. avgust,<\/p>","protected":false},"author":5,"featured_media":2806,"comment_status":"open","ping_status":"closed","template":"","tags":[],"mec_category":[],"_links":{"self":[{"href":"https:\/\/evang.si\/de\/wp-json\/wp\/v2\/mec-events\/2805"}],"collection":[{"href":"https:\/\/evang.si\/de\/wp-json\/wp\/v2\/mec-events"}],"about":[{"href":"https:\/\/evang.si\/de\/wp-json\/wp\/v2\/types\/mec-events"}],"author":[{"embeddable":true,"href":"https:\/\/evang.si\/de\/wp-json\/wp\/v2\/users\/5"}],"replies":[{"embeddable":true,"href":"https:\/\/evang.si\/de\/wp-json\/wp\/v2\/comments?post=2805"}],"wp:featuredmedia":[{"embeddable":true,"href":"https:\/\/evang.si\/de\/wp-json\/wp\/v2\/media\/2806"}],"wp:attachment":[{"href":"https:\/\/evang.si\/de\/wp-json\/wp\/v2\/media?parent=2805"}],"wp:term":[{"taxonomy":"post_tag","embeddable":true,"href":"https:\/\/evang.si\/de\/wp-json\/wp\/v2\/tags?post=2805"},{"taxonomy":"mec_category","embeddable":true,"href":"https:\/\/evang.si\/de\/wp-json\/wp\/v2\/mec_category?post=2805"}],"curies":[{"name":"wp","href":"https:\/\/api.w.org\/{rel}","templated":true}]}}

Küzmičevi dnevi v Puconcih, 17. do 25. avgust 2024

<p style="text-align: center;">Evangeličanska cerkvena občina Puconci, Občina Puconci in Slovensko protestantsko društvo Primož Trubar</p>
<p style="text-align: center;">vljudno vabijo na</p>
<p style="text-align: center;"><strong>KÜZMIČEVE DNEVE</strong><strong>,</strong></p>
<p style="text-align: center;"><strong> </strong>ki bodo potekali <strong>od sobote, 17. avgusta, do nedelje, 25. avgusta 2024.</strong></p>
<p style="text-align: center;">PROGRAM:</p>
<p style="text-align: center;"><strong>Sobota, 17. avgust, ob 19.00 v Spominskem domu Števana Küzmiča</strong> &#8211; otvoritev razstave zbranih knjig in listin v prekmurskem in slovenskem jeziku.</p>
<p style="text-align: center;"><strong>Sreda, 21. avgust, ob 9.00 pred cerkvijo v Puconcih</strong> &#8211; dogodek za otroke in mladino Gradimo skupnost.</p>
<p style="text-align: center;"><strong>Petek, 23. avgust, ob 19.00 v Evangeličanski cerkvi v Puconcih</strong> &#8211; koncert Trio Arete (Maša Kuhar, flavta; Sara Mitić, violina in Sara Köveš, klavir).</p>
<p style="text-align: center;"><strong>Nedelja, 25. avgust, ob 10.00 v Evangeličanski cerkvi v Puconcih</strong> &#8211; svečana Božja služba, kjer bo sodelovala dr. Klaudija Sedar in Žensko društvo Evangeličanka.</p>
<p style="text-align: center;">Po Božji službi bo sledilo druženje v parku za vse prisotne.</p>
<p style="text-align: center;"><strong>PRIJAZNO VABLJENI K DOGODKOM!</strong></p>
<p style="text-align: center;"><em>»Zidal in sezidal sem Ti veličastno hišo, kraj, kjer boš prebival na veke.«</em></p>
<p style="text-align: center;">(1. Knjiga kraljev 8, 13)</p>
<p style="text-align: center;">

<p>Evangeličanska cerkvena občina Puconci, Občina Puconci in Slovensko protestantsko društvo Primož Trubar vljudno vabijo na KÜZMIČEVE DNEVE,  ki bodo potekali od sobote, 17. avgusta, do nedelje, 25. avgusta 2024. PROGRAM: Sobota, 17. avgust, ob 19.00 v Spominskem domu Števana Küzmiča &#8211; otvoritev razstave zbranih knjig in listin v prekmurskem in slovenskem jeziku. Sreda, 21. avgust,</p>
