{"id":2699,"date":"2024-06-04T21:30:34","date_gmt":"2024-06-04T19:30:34","guid":{"rendered":"https:\/\/evang.si\/?post_type=mec-events&#038;p=2699"},"modified":"2024-06-10T17:21:30","modified_gmt":"2024-06-10T15:21:30","slug":"razstava-dragocenosti-s-poslanstvom","status":"publish","type":"mec-events","link":"https:\/\/evang.si\/de\/events\/razstava-dragocenosti-s-poslanstvom\/","title":{"rendered":"Odprtje razstave Dragocenosti s poslanstvom"},"content":{"rendered":"<p>Spremljevalna referata ob razstavi:<\/p>\n<p>Dr. Matja\u017e Lulik, Narodna in univerzitetna knji\u017enica<br \/>\n<strong>Pri\u010devalci o temeljih slovenske strokovne govorice <\/strong><strong>v Narodni in univerzitetni knji\u017enici<\/strong><\/p>\n<p>Mag. Geza Filo, Evangeli\u010danska cerkvena ob\u010dina Ljubljana<br \/>\n<strong>Versko-teolo\u0161ka fizionomija Trubarjevega Cerkvenega reda (1564) <\/strong><strong>in Dalmatinovega prevoda Biblije (1584)<\/strong><\/p>\n<p>Vabljeni.<\/p>","protected":false},"excerpt":{"rendered":"<p>Spremljevalna referata ob razstavi: Dr. Matja\u017e Lulik, Narodna in univerzitetna knji\u017enica Pri\u010devalci o temeljih slovenske strokovne govorice v Narodni in univerzitetni knji\u017enici Mag. Geza Filo, Evangeli\u010danska cerkvena ob\u010dina Ljubljana Versko-teolo\u0161ka fizionomija Trubarjevega Cerkvenega reda (1564) in Dalmatinovega prevoda Biblije (1584) Vabljeni.<\/p>","protected":false},"author":5,"featured_media":2700,"comment_status":"open","ping_status":"closed","template":"","tags":[],"mec_category":[],"_links":{"self":[{"href":"https:\/\/evang.si\/de\/wp-json\/wp\/v2\/mec-events\/2699"}],"collection":[{"href":"https:\/\/evang.si\/de\/wp-json\/wp\/v2\/mec-events"}],"about":[{"href":"https:\/\/evang.si\/de\/wp-json\/wp\/v2\/types\/mec-events"}],"author":[{"embeddable":true,"href":"https:\/\/evang.si\/de\/wp-json\/wp\/v2\/users\/5"}],"replies":[{"embeddable":true,"href":"https:\/\/evang.si\/de\/wp-json\/wp\/v2\/comments?post=2699"}],"wp:featuredmedia":[{"embeddable":true,"href":"https:\/\/evang.si\/de\/wp-json\/wp\/v2\/media\/2700"}],"wp:attachment":[{"href":"https:\/\/evang.si\/de\/wp-json\/wp\/v2\/media?parent=2699"}],"wp:term":[{"taxonomy":"post_tag","embeddable":true,"href":"https:\/\/evang.si\/de\/wp-json\/wp\/v2\/tags?post=2699"},{"taxonomy":"mec_category","embeddable":true,"href":"https:\/\/evang.si\/de\/wp-json\/wp\/v2\/mec_category?post=2699"}],"curies":[{"name":"wp","href":"https:\/\/api.w.org\/{rel}","templated":true}]}}

<p>Spremljevalna referata ob razstavi:</p>
<p>Dr. Matjaž Lulik, Narodna in univerzitetna knjižnica<br />
<strong>Pričevalci o temeljih slovenske strokovne govorice </strong><strong>v Narodni in univerzitetni knjižnici</strong></p>
<p>Mag. Geza Filo, Evangeličanska cerkvena občina Ljubljana<br />
<strong>Versko-teološka fizionomija Trubarjevega Cerkvenega reda (1564) </strong><strong>in Dalmatinovega prevoda Biblije (1584)</strong></p>
<p>Vabljeni.</p>

<p>Spremljevalna referata ob razstavi: Dr. Matjaž Lulik, Narodna in univerzitetna knjižnica Pričevalci o temeljih slovenske strokovne govorice v Narodni in univerzitetni knjižnici Mag. Geza Filo, Evangeličanska cerkvena občina Ljubljana Versko-teološka fizionomija Trubarjevega Cerkvenega reda (1564) in Dalmatinovega prevoda Biblije (1584) Vabljeni.</p>
