{"id":2170,"date":"2023-03-09T14:07:44","date_gmt":"2023-03-09T13:07:44","guid":{"rendered":"https:\/\/evang.si\/?post_type=mec-events&#038;p=2170"},"modified":"2023-03-09T14:07:44","modified_gmt":"2023-03-09T13:07:44","slug":"koncert-staneta-vidmarja-ob-dnevu-zena","status":"publish","type":"mec-events","link":"https:\/\/evang.si\/de\/events\/koncert-staneta-vidmarja-ob-dnevu-zena\/","title":{"rendered":"Koncert Staneta Vidmarja ob dnevu \u017eena"},"content":{"rendered":"<p><span>Ob dnevu \u017eena vabljeni na koncert Staneta Vidmarja <em>Moje pesmi &#8230; moje \u017eivljenje<\/em>, ki bo v evangeli\u010danski cerkvi v Apa\u010dah v soboto, 11. marca 2023, ob 18. uri.<\/span><\/p>\n<p>Herzlich eingeladen.<\/p>","protected":false},"excerpt":{"rendered":"<p>Ob dnevu \u017eena vabljeni na koncert Staneta Vidmarja Moje pesmi &#8230; moje \u017eivljenje, ki bo v evangeli\u010danski cerkvi v Apa\u010dah v soboto, 11. marca 2023, ob 18. uri. Lepo vabljeni.<\/p>","protected":false},"author":5,"featured_media":0,"comment_status":"open","ping_status":"closed","template":"","tags":[],"mec_category":[],"_links":{"self":[{"href":"https:\/\/evang.si\/de\/wp-json\/wp\/v2\/mec-events\/2170"}],"collection":[{"href":"https:\/\/evang.si\/de\/wp-json\/wp\/v2\/mec-events"}],"about":[{"href":"https:\/\/evang.si\/de\/wp-json\/wp\/v2\/types\/mec-events"}],"author":[{"embeddable":true,"href":"https:\/\/evang.si\/de\/wp-json\/wp\/v2\/users\/5"}],"replies":[{"embeddable":true,"href":"https:\/\/evang.si\/de\/wp-json\/wp\/v2\/comments?post=2170"}],"wp:attachment":[{"href":"https:\/\/evang.si\/de\/wp-json\/wp\/v2\/media?parent=2170"}],"wp:term":[{"taxonomy":"post_tag","embeddable":true,"href":"https:\/\/evang.si\/de\/wp-json\/wp\/v2\/tags?post=2170"},{"taxonomy":"mec_category","embeddable":true,"href":"https:\/\/evang.si\/de\/wp-json\/wp\/v2\/mec_category?post=2170"}],"curies":[{"name":"wp","href":"https:\/\/api.w.org\/{rel}","templated":true}]}}

Koncert Staneta Vidmarja ob dnevu žena

<p><span>Ob dnevu žena vabljeni na koncert Staneta Vidmarja <em>Moje pesmi &#8230; moje življenje</em>, ki bo v evangeličanski cerkvi v Apačah v soboto, 11. marca 2023, ob 18. uri.</span></p>
<p>Herzlich eingeladen.</p>

<p>Ob dnevu žena vabljeni na koncert Staneta Vidmarja Moje pesmi &#8230; moje življenje, ki bo v evangeličanski cerkvi v Apačah v soboto, 11. marca 2023, ob 18. uri. Lepo vabljeni.</p>
