{"id":2069,"date":"2022-12-23T22:40:26","date_gmt":"2022-12-23T21:40:26","guid":{"rendered":"https:\/\/evang.si\/?post_type=mec-events&#038;p=2069"},"modified":"2022-12-23T22:40:26","modified_gmt":"2022-12-23T21:40:26","slug":"bozicno-bogosluzje-prenos-na-tv-slovenija","status":"publish","type":"mec-events","link":"https:\/\/evang.si\/de\/events\/bozicno-bogosluzje-prenos-na-tv-slovenija\/","title":{"rendered":"Bo\u017ei\u010dno bogoslu\u017eje &#8211; prenos na TV Slovenija"},"content":{"rendered":"<p>Prenos bo\u017ei\u010dnega bogoslu\u017eja bo iz evangeli\u010danske cerkve Primo\u017ea Trubarja v Ljubljani. Vodil ga bo duhovnik in biv\u0161i \u0161kof mag. Geza Filo.<br \/>\nVabljeni k bogoslu\u017eju ali spremljanju preko TV.<br \/>\nPrav tako vabljeni k prazni\u010dnim bogoslu\u017ejem v vseh na\u0161ih evangeli\u010danskih cerkvah.<\/p>","protected":false},"excerpt":{"rendered":"<p>Prenos bo\u017ei\u010dnega bogoslu\u017eja bo iz evangeli\u010danske cerkve Primo\u017ea Trubarja v Ljubljani. Vodil ga bo duhovnik in biv\u0161i \u0161kof mag. Geza Filo. Vabljeni k bogoslu\u017eju ali spremljanju preko TV. Prav tako vabljeni k prazni\u010dnim bogoslu\u017ejem v vseh na\u0161ih evangeli\u010danskih cerkvah.<\/p>","protected":false},"author":5,"featured_media":0,"comment_status":"open","ping_status":"closed","template":"","tags":[],"mec_category":[],"_links":{"self":[{"href":"https:\/\/evang.si\/de\/wp-json\/wp\/v2\/mec-events\/2069"}],"collection":[{"href":"https:\/\/evang.si\/de\/wp-json\/wp\/v2\/mec-events"}],"about":[{"href":"https:\/\/evang.si\/de\/wp-json\/wp\/v2\/types\/mec-events"}],"author":[{"embeddable":true,"href":"https:\/\/evang.si\/de\/wp-json\/wp\/v2\/users\/5"}],"replies":[{"embeddable":true,"href":"https:\/\/evang.si\/de\/wp-json\/wp\/v2\/comments?post=2069"}],"wp:attachment":[{"href":"https:\/\/evang.si\/de\/wp-json\/wp\/v2\/media?parent=2069"}],"wp:term":[{"taxonomy":"post_tag","embeddable":true,"href":"https:\/\/evang.si\/de\/wp-json\/wp\/v2\/tags?post=2069"},{"taxonomy":"mec_category","embeddable":true,"href":"https:\/\/evang.si\/de\/wp-json\/wp\/v2\/mec_category?post=2069"}],"curies":[{"name":"wp","href":"https:\/\/api.w.org\/{rel}","templated":true}]}}

Božično bogoslužje &#8211; prenos na TV Slovenija

<p>Prenos božičnega bogoslužja bo iz evangeličanske cerkve Primoža Trubarja v Ljubljani. Vodil ga bo duhovnik in bivši škof mag. Geza Filo.<br />
Vabljeni k bogoslužju ali spremljanju preko TV.<br />
Prav tako vabljeni k prazničnim bogoslužjem v vseh naših evangeličanskih cerkvah.</p>

<p>Prenos božičnega bogoslužja bo iz evangeličanske cerkve Primoža Trubarja v Ljubljani. Vodil ga bo duhovnik in bivši škof mag. Geza Filo. Vabljeni k bogoslužju ali spremljanju preko TV. Prav tako vabljeni k prazničnim bogoslužjem v vseh naših evangeličanskih cerkvah.</p>
