{"id":1706,"date":"2022-06-05T14:25:09","date_gmt":"2022-06-05T12:25:09","guid":{"rendered":"https:\/\/evang.si\/?post_type=mec-events&#038;p=1706"},"modified":"2022-06-05T15:30:03","modified_gmt":"2022-06-05T13:30:03","slug":"pogrebna-slovesnost-castnega-skofa-mag-geze-ernise","status":"publish","type":"mec-events","link":"https:\/\/evang.si\/de\/events\/pogrebna-slovesnost-castnega-skofa-mag-geze-ernise\/","title":{"rendered":"Pogrebna slovesnost \u010dastnega \u0161kofa mag. Geze Erni\u0161e"},"content":{"rendered":"<p>Sehr geehrte Damen und Herren.<\/p>\n<p><strong>Sporo\u010damo, da bo pogrebna slovesnost duhovnika in \u010dastnega \u0161kofa mag. Geze Erni\u0161e v sredo, 8. junija 2022:<\/strong><br \/>\n&#8211; ob 12. uri pogrebna slovesnost v evangeli\u010danski cerkvi Dobrega pastirja Jezusa v Moravskih Toplicah<br \/>\n&#8211; ob 13. uri \u017ealna slovesnost v evangeli\u010danski cerkvi Dobrega pastirja Jezusa v Moravskih Toplicah<br \/>\n&#8211; ob 15. uri pogreb na pokopali\u0161\u010du v Murski Soboti.<\/p>\n<p><strong>V evangeli\u010danski cerkvi Dobrega pastirja Jezusa v Moravskih Toplicah je odprta tudi \u017ealna knjiga od nedelje 5. junija naprej:-<br \/>\n<\/strong>&#8211; nedelja: od 12:00 do 18:00<br \/>\n&#8211; ponedeljek: od 10:00 do 12:00 in od 15:00 do 18:00<br \/>\n&#8211; torek: od 10:00 do 12:00 in od 15:00 do 18:00<br \/>\n&#8211; sreda: od 11:00 naprej<\/p>\n<p>V \u010dasu, ko bo odprta \u017ealna knjiga, bo mo\u017een tudi nakup njegove knjige <em>V slu\u017ebi ljudi<\/em>. Na spletni strani Cerkve (evang.si) je odprta tudi e-\u017ealna knjiga.<\/p>\n<p>Obenem obve\u0161\u010damo, da svojci cvetje, sve\u010de in vence odklanjajo. Darove lahko namenite v dobrodelne namene (ti se bodo razporedili za negovalni oddelek Splo\u0161ne bolni\u0161nice Murska Sobota, cerkveno ob\u010dino Moravske Toplice in sklad Evangeli\u010danskega lista).<\/p>\n<p><strong>Darovi se v spomin \u010dastnega \u0161kofa mag. Geze Erni\u0161e zbirajo na:<\/strong><\/p>\n<p><strong>TRR:<\/strong> <span>SI56 0249 6009 1997 627<\/span><br \/>\n<strong>SKLIC:<\/strong> SI00 0106<br \/>\n<strong>KODA NAMENA:<\/strong> OTHR<br \/>\n<strong>BIC BANKE:<\/strong> LJBASI2X<\/p>\n<p>Iskrena hvala.<\/p>","protected":false},"excerpt":{"rendered":"<p>Spo\u0161tovani. Sporo\u010damo, da bo pogrebna slovesnost duhovnika in \u010dastnega \u0161kofa mag. Geze Erni\u0161e v sredo, 8. junija 2022: &#8211; ob 12. uri pogrebna slovesnost v evangeli\u010danski cerkvi Dobrega pastirja Jezusa v Moravskih Toplicah &#8211; ob 13. uri \u017ealna slovesnost v evangeli\u010danski cerkvi Dobrega pastirja Jezusa v Moravskih Toplicah &#8211; ob 15. uri pogreb na pokopali\u0161\u010du<\/p>","protected":false},"author":5,"featured_media":1707,"comment_status":"open","ping_status":"closed","template":"","tags":[],"mec_category":[],"_links":{"self":[{"href":"https:\/\/evang.si\/de\/wp-json\/wp\/v2\/mec-events\/1706"}],"collection":[{"href":"https:\/\/evang.si\/de\/wp-json\/wp\/v2\/mec-events"}],"about":[{"href":"https:\/\/evang.si\/de\/wp-json\/wp\/v2\/types\/mec-events"}],"author":[{"embeddable":true,"href":"https:\/\/evang.si\/de\/wp-json\/wp\/v2\/users\/5"}],"replies":[{"embeddable":true,"href":"https:\/\/evang.si\/de\/wp-json\/wp\/v2\/comments?post=1706"}],"wp:featuredmedia":[{"embeddable":true,"href":"https:\/\/evang.si\/de\/wp-json\/wp\/v2\/media\/1707"}],"wp:attachment":[{"href":"https:\/\/evang.si\/de\/wp-json\/wp\/v2\/media?parent=1706"}],"wp:term":[{"taxonomy":"post_tag","embeddable":true,"href":"https:\/\/evang.si\/de\/wp-json\/wp\/v2\/tags?post=1706"},{"taxonomy":"mec_category","embeddable":true,"href":"https:\/\/evang.si\/de\/wp-json\/wp\/v2\/mec_category?post=1706"}],"curies":[{"name":"wp","href":"https:\/\/api.w.org\/{rel}","templated":true}]}}

Pogrebna slovesnost častnega škofa mag. Geze Erniše

<p>Sehr geehrte Damen und Herren.</p>
<p><strong>Sporočamo, da bo pogrebna slovesnost duhovnika in častnega škofa mag. Geze Erniše v sredo, 8. junija 2022:</strong><br />
&#8211; ob 12. uri pogrebna slovesnost v evangeličanski cerkvi Dobrega pastirja Jezusa v Moravskih Toplicah<br />
&#8211; ob 13. uri žalna slovesnost v evangeličanski cerkvi Dobrega pastirja Jezusa v Moravskih Toplicah<br />
&#8211; ob 15. uri pogreb na pokopališču v Murski Soboti.</p>
<p><strong>V evangeličanski cerkvi Dobrega pastirja Jezusa v Moravskih Toplicah je odprta tudi žalna knjiga od nedelje 5. junija naprej:-<br />
</strong>&#8211; nedelja: od 12:00 do 18:00<br />
&#8211; ponedeljek: od 10:00 do 12:00 in od 15:00 do 18:00<br />
&#8211; torek: od 10:00 do 12:00 in od 15:00 do 18:00<br />
&#8211; sreda: od 11:00 naprej</p>
<p>V času, ko bo odprta žalna knjiga, bo možen tudi nakup njegove knjige <em>V službi ljudi</em>. Na spletni strani Cerkve (evang.si) je odprta tudi e-žalna knjiga.</p>
<p>Obenem obveščamo, da svojci cvetje, sveče in vence odklanjajo. Darove lahko namenite v dobrodelne namene (ti se bodo razporedili za negovalni oddelek Splošne bolnišnice Murska Sobota, cerkveno občino Moravske Toplice in sklad Evangeličanskega lista).</p>
<p><strong>Darovi se v spomin častnega škofa mag. Geze Erniše zbirajo na:</strong></p>
<p><strong>TRR:</strong> <span>SI56 0249 6009 1997 627</span><br />
<strong>SKLIC:</strong> SI00 0106<br />
<strong>KODA NAMENA:</strong> OTHR<br />
<strong>BIC BANKE:</strong> LJBASI2X</p>
<p>Iskrena hvala.</p>

<p>Spoštovani. Sporočamo, da bo pogrebna slovesnost duhovnika in častnega škofa mag. Geze Erniše v sredo, 8. junija 2022: &#8211; ob 12. uri pogrebna slovesnost v evangeličanski cerkvi Dobrega pastirja Jezusa v Moravskih Toplicah &#8211; ob 13. uri žalna slovesnost v evangeličanski cerkvi Dobrega pastirja Jezusa v Moravskih Toplicah &#8211; ob 15. uri pogreb na pokopališču</p>
