{"id":1663,"date":"2022-05-21T21:26:43","date_gmt":"2022-05-21T19:26:43","guid":{"rendered":"https:\/\/evang.si\/?post_type=mec-events&#038;p=1663"},"modified":"2022-06-20T10:14:27","modified_gmt":"2022-06-20T08:14:27","slug":"binkostni-piknik-v-murski-soboti","status":"publish","type":"mec-events","link":"https:\/\/evang.si\/de\/events\/binkostni-piknik-v-murski-soboti\/","title":{"rendered":"Dobrodelni piknik v Murski Soboti"},"content":{"rendered":"<p>Sehr geehrte Damen und Herren.<\/p>\n<p>V nedeljo, 26. junija 2022 (prestavljeno s 5. junija), evangeli\u010danska cerkvena ob\u010dina Murska Sobota po Bo\u017eji slu\u017ebi (ob 10. uri) pripravlja tradicionalni dobrodelni piknik na dvori\u0161\u010du pred evangeli\u010dansko cerkvijo Martina Luthra v Murski Soboti. V okviru prireditve, s katero bomo obele\u017eili tudi zaklju\u010dek \u0161olskega leta, bo izveden tudi sre\u010delov, izkupi\u010dek pa bo namenjen Fundaciji Benko, ki \u0161tipendira nadarjene otroke iz revnej\u0161ih dru\u017ein.<\/p>\n<p>Prireditev bo spremljal bogat ustvarjalni in umetni\u0161ki program.<\/p>\n<p>Herzlich eingeladen, sich uns anzuschlie\u00dfen.<\/p>","protected":false},"excerpt":{"rendered":"<p>Spo\u0161tovani. V nedeljo, 26. junija 2022 (prestavljeno s 5. junija), evangeli\u010danska cerkvena ob\u010dina Murska Sobota po Bo\u017eji slu\u017ebi (ob 10. uri) pripravlja tradicionalni dobrodelni piknik na dvori\u0161\u010du pred evangeli\u010dansko cerkvijo Martina Luthra v Murski Soboti. V okviru prireditve, s katero bomo obele\u017eili tudi zaklju\u010dek \u0161olskega leta, bo izveden tudi sre\u010delov, izkupi\u010dek pa bo namenjen Fundaciji<\/p>","protected":false},"author":5,"featured_media":1740,"comment_status":"closed","ping_status":"closed","template":"","tags":[],"mec_category":[],"_links":{"self":[{"href":"https:\/\/evang.si\/de\/wp-json\/wp\/v2\/mec-events\/1663"}],"collection":[{"href":"https:\/\/evang.si\/de\/wp-json\/wp\/v2\/mec-events"}],"about":[{"href":"https:\/\/evang.si\/de\/wp-json\/wp\/v2\/types\/mec-events"}],"author":[{"embeddable":true,"href":"https:\/\/evang.si\/de\/wp-json\/wp\/v2\/users\/5"}],"replies":[{"embeddable":true,"href":"https:\/\/evang.si\/de\/wp-json\/wp\/v2\/comments?post=1663"}],"wp:featuredmedia":[{"embeddable":true,"href":"https:\/\/evang.si\/de\/wp-json\/wp\/v2\/media\/1740"}],"wp:attachment":[{"href":"https:\/\/evang.si\/de\/wp-json\/wp\/v2\/media?parent=1663"}],"wp:term":[{"taxonomy":"post_tag","embeddable":true,"href":"https:\/\/evang.si\/de\/wp-json\/wp\/v2\/tags?post=1663"},{"taxonomy":"mec_category","embeddable":true,"href":"https:\/\/evang.si\/de\/wp-json\/wp\/v2\/mec_category?post=1663"}],"curies":[{"name":"wp","href":"https:\/\/api.w.org\/{rel}","templated":true}]}}

<p>Sehr geehrte Damen und Herren.</p>
<p>V nedeljo, 26. junija 2022 (prestavljeno s 5. junija), evangeličanska cerkvena občina Murska Sobota po Božji službi (ob 10. uri) pripravlja tradicionalni dobrodelni piknik na dvorišču pred evangeličansko cerkvijo Martina Luthra v Murski Soboti. V okviru prireditve, s katero bomo obeležili tudi zaključek šolskega leta, bo izveden tudi srečelov, izkupiček pa bo namenjen Fundaciji Benko, ki štipendira nadarjene otroke iz revnejših družin.</p>
<p>Prireditev bo spremljal bogat ustvarjalni in umetniški program.</p>
<p>Herzlich eingeladen, sich uns anzuschließen.</p>

<p>Spoštovani. V nedeljo, 26. junija 2022 (prestavljeno s 5. junija), evangeličanska cerkvena občina Murska Sobota po Božji službi (ob 10. uri) pripravlja tradicionalni dobrodelni piknik na dvorišču pred evangeličansko cerkvijo Martina Luthra v Murski Soboti. V okviru prireditve, s katero bomo obeležili tudi zaključek šolskega leta, bo izveden tudi srečelov, izkupiček pa bo namenjen Fundaciji</p>
