{"id":1659,"date":"2022-05-13T15:09:47","date_gmt":"2022-05-13T13:09:47","guid":{"rendered":"https:\/\/evang.si\/?post_type=mec-events&#038;p=1659"},"modified":"2022-06-10T10:47:01","modified_gmt":"2022-06-10T08:47:01","slug":"54-shod-evangelicanske-humanitarne-organizacije-podpornica","status":"publish","type":"mec-events","link":"https:\/\/evang.si\/de\/events\/54-shod-evangelicanske-humanitarne-organizacije-podpornica\/","title":{"rendered":"54. Treffen der Evangelischen humanit\u00e4ren organisation - Podpornica"},"content":{"rendered":"<p>V nedeljo, <strong>12. junija 2022<\/strong>, bo v evangeli\u010danski cerkvi Martina Luthra Murska Sobota potekal <strong>54. shod Evangeli\u010danske humanitarne organizacije &#8211; Podpornica<\/strong> s pri\u010detkom sve\u010danega bogoslu\u017eja <strong>ob 10. ur<\/strong>i. Leto\u0161nji shod bo potekal v okviru praznovanja 100. obletnice ustanovitve samostojnega seniorata Evangeli\u010danske cerkve AV v Sloveniji in 75. obletnice ustanovitve superintendenture na avstrijskem \u0160tajerskem. Bogoslu\u017eje bosta vodila superintendent mag. Wolfgang Rehner in \u0161kof mag. Leon Novak.<\/p>\n<p>Po bogoslu\u017eju, ki ga bo predvajala tudi RTV SLO 1, bo sledila polo\u017eitev venca v spomin na nekdanje \u017eidovske some\u0161\u010dane pri obele\u017eju na mestu nekdanje sinagoge, zatem pa dru\u017eenje na Luthrovi plo\u0161\u010dadi v Murski Soboti in v popoldanskih urah sre\u010danje v Bad Radkersburgu z ogledom tamkaj\u0161nje evangeli\u010danske cerkve in muzeja s kratkim kulturnim programom.<\/p>\n<p>Herzlich eingeladen.<\/p>","protected":false},"excerpt":{"rendered":"<p>V nedeljo, 12. junija 2022, bo v evangeli\u010danski cerkvi Martina Luthra Murska Sobota potekal 54. shod Evangeli\u010danske humanitarne organizacije &#8211; Podpornica s pri\u010detkom sve\u010danega bogoslu\u017eja ob 10. uri. Leto\u0161nji shod bo potekal v okviru praznovanja 100. obletnice ustanovitve samostojnega seniorata Evangeli\u010danske cerkve AV v Sloveniji in 75. obletnice ustanovitve superintendenture na avstrijskem \u0160tajerskem. Bogoslu\u017eje bosta<\/p>","protected":false},"author":5,"featured_media":1660,"comment_status":"closed","ping_status":"closed","template":"","tags":[],"mec_category":[],"_links":{"self":[{"href":"https:\/\/evang.si\/de\/wp-json\/wp\/v2\/mec-events\/1659"}],"collection":[{"href":"https:\/\/evang.si\/de\/wp-json\/wp\/v2\/mec-events"}],"about":[{"href":"https:\/\/evang.si\/de\/wp-json\/wp\/v2\/types\/mec-events"}],"author":[{"embeddable":true,"href":"https:\/\/evang.si\/de\/wp-json\/wp\/v2\/users\/5"}],"replies":[{"embeddable":true,"href":"https:\/\/evang.si\/de\/wp-json\/wp\/v2\/comments?post=1659"}],"wp:featuredmedia":[{"embeddable":true,"href":"https:\/\/evang.si\/de\/wp-json\/wp\/v2\/media\/1660"}],"wp:attachment":[{"href":"https:\/\/evang.si\/de\/wp-json\/wp\/v2\/media?parent=1659"}],"wp:term":[{"taxonomy":"post_tag","embeddable":true,"href":"https:\/\/evang.si\/de\/wp-json\/wp\/v2\/tags?post=1659"},{"taxonomy":"mec_category","embeddable":true,"href":"https:\/\/evang.si\/de\/wp-json\/wp\/v2\/mec_category?post=1659"}],"curies":[{"name":"wp","href":"https:\/\/api.w.org\/{rel}","templated":true}]}}

54. Treffen der Evangelischen humanitären organisation - Podpornica

<p>V nedeljo, <strong>12. junija 2022</strong>, bo v evangeličanski cerkvi Martina Luthra Murska Sobota potekal <strong>54. shod Evangeličanske humanitarne organizacije &#8211; Podpornica</strong> s pričetkom svečanega bogoslužja <strong>ob 10. ur</strong>i. Letošnji shod bo potekal v okviru praznovanja 100. obletnice ustanovitve samostojnega seniorata Evangeličanske cerkve AV v Sloveniji in 75. obletnice ustanovitve superintendenture na avstrijskem Štajerskem. Bogoslužje bosta vodila superintendent mag. Wolfgang Rehner in škof mag. Leon Novak.</p>
<p>Po bogoslužju, ki ga bo predvajala tudi RTV SLO 1, bo sledila položitev venca v spomin na nekdanje židovske someščane pri obeležju na mestu nekdanje sinagoge, zatem pa druženje na Luthrovi ploščadi v Murski Soboti in v popoldanskih urah srečanje v Bad Radkersburgu z ogledom tamkajšnje evangeličanske cerkve in muzeja s kratkim kulturnim programom.</p>
<p>Herzlich eingeladen.</p>

<p>V nedeljo, 12. junija 2022, bo v evangeličanski cerkvi Martina Luthra Murska Sobota potekal 54. shod Evangeličanske humanitarne organizacije &#8211; Podpornica s pričetkom svečanega bogoslužja ob 10. uri. Letošnji shod bo potekal v okviru praznovanja 100. obletnice ustanovitve samostojnega seniorata Evangeličanske cerkve AV v Sloveniji in 75. obletnice ustanovitve superintendenture na avstrijskem Štajerskem. Bogoslužje bosta</p>
